{"id":25,"date":"2016-02-12T08:13:22","date_gmt":"2016-02-12T08:13:22","guid":{"rendered":"http:\/\/demos.famethemes.com\/onepress\/?page_id=25"},"modified":"2022-11-22T09:29:43","modified_gmt":"2022-11-22T09:29:43","slug":"service-title-3","status":"publish","type":"page","link":"https:\/\/grupobrunoni.com.br\/?page_id=25","title":{"rendered":"Estimula\u00e7\u00e3o Magn\u00e9tica Transcraniana &#8211; EMT"},"content":{"rendered":"<p>No Instituto de Neuromoula\u00e7\u00e3o Cl\u00ednica (INEC) oferecemos tratamento com Estimula\u00e7\u00e3o Magn\u00e9tica Transcraniana para diversas condi\u00e7\u00f5es de sa\u00fade.<\/p>\n<p>Agende sua avalia\u00e7\u00e3o.<\/p>\n","protected":false},"excerpt":{"rendered":"<p>No Instituto de Neuromoula\u00e7\u00e3o Cl\u00ednica (INEC) oferecemos tratamento com Estimula\u00e7\u00e3o Magn\u00e9tica Transcraniana para diversas condi\u00e7\u00f5es de sa\u00fade. <\/p>\n","protected":false},"author":1,"featured_media":0,"parent":0,"menu_order":0,"comment_status":"closed","ping_status":"closed","template":"","meta":{"footnotes":""},"class_list":["post-25","page","type-page","status-publish","hentry"],"_links":{"self":[{"href":"https:\/\/grupobrunoni.com.br\/index.php?rest_route=\/wp\/v2\/pages\/25","targetHints":{"allow":["GET"]}}],"collection":[{"href":"https:\/\/grupobrunoni.com.br\/index.php?rest_route=\/wp\/v2\/pages"}],"about":[{"href":"https:\/\/grupobrunoni.com.br\/index.php?rest_route=\/wp\/v2\/types\/page"}],"author":[{"embeddable":true,"href":"https:\/\/grupobrunoni.com.br\/index.php?rest_route=\/wp\/v2\/users\/1"}],"replies":[{"embeddable":true,"href":"https:\/\/grupobrunoni.com.br\/index.php?rest_route=%2Fwp%2Fv2%2Fcomments&post=25"}],"version-history":[{"count":3,"href":"https:\/\/grupobrunoni.com.br\/index.php?rest_route=\/wp\/v2\/pages\/25\/revisions"}],"predecessor-version":[{"id":1563,"href":"https:\/\/grupobrunoni.com.br\/index.php?rest_route=\/wp\/v2\/pages\/25\/revisions\/1563"}],"wp:attachment":[{"href":"https:\/\/grupobrunoni.com.br\/index.php?rest_route=%2Fwp%2Fv2%2Fmedia&parent=25"}],"curies":[{"name":"wp","href":"https:\/\/api.w.org\/{rel}","templated":true}]}}